{"id":14,"date":"2023-03-17T14:06:23","date_gmt":"2023-03-17T13:06:23","guid":{"rendered":"https:\/\/www.la12-14.com\/course\/?page_id=14"},"modified":"2026-03-30T16:38:52","modified_gmt":"2026-03-30T14:38:52","slug":"accueil","status":"publish","type":"page","link":"https:\/\/www.la12-14.com\/course\/accueil\/","title":{"rendered":"Accueil"},"content":{"rendered":"\n<hr class=\"wp-block-separator has-alpha-channel-opacity\"\/>\n\n\n\n<figure class=\"wp-block-image size-large\"><img loading=\"lazy\" decoding=\"async\" width=\"1024\" height=\"576\" src=\"https:\/\/www.la12-14.com\/course\/wp-content\/uploads\/2026\/01\/Couverture-Evt-FB-2026-1920x1080-V4-1024x576.jpg\" alt=\"\" class=\"wp-image-702\" srcset=\"https:\/\/www.la12-14.com\/course\/wp-content\/uploads\/2026\/01\/Couverture-Evt-FB-2026-1920x1080-V4-1024x576.jpg 1024w, https:\/\/www.la12-14.com\/course\/wp-content\/uploads\/2026\/01\/Couverture-Evt-FB-2026-1920x1080-V4-300x169.jpg 300w, https:\/\/www.la12-14.com\/course\/wp-content\/uploads\/2026\/01\/Couverture-Evt-FB-2026-1920x1080-V4-768x432.jpg 768w, https:\/\/www.la12-14.com\/course\/wp-content\/uploads\/2026\/01\/Couverture-Evt-FB-2026-1920x1080-V4-1536x864.jpg 1536w, https:\/\/www.la12-14.com\/course\/wp-content\/uploads\/2026\/01\/Couverture-Evt-FB-2026-1920x1080-V4.jpg 1920w\" sizes=\"auto, (max-width: 1024px) 100vw, 1024px\" \/><\/figure>\n\n\n\n<hr class=\"wp-block-separator has-alpha-channel-opacity\"\/>\n\n\n\n<p>Semi-Marathon au d\u00e9part du stade Ren\u00e9 Gaillard (Niort) et \u00e0 destination des bords de S\u00e8vre, sur un circuit \u00e0 parcourir 4 fois.<\/p>\n\n\n\n<div class=\"wp-block-buttons alignwide is-content-justification-center is-layout-flex wp-container-core-buttons-is-layout-a89b3969 wp-block-buttons-is-layout-flex\">\n<div class=\"wp-block-button\"><a class=\"wp-block-button__link wp-element-button\" href=\"https:\/\/www.klikego.com\/inscription\/semi--relais-de-la-12-14-2026\/running-course-a-pied\/1764209925509-2\" target=\"_blank\" rel=\"noreferrer noopener\"><strong><mark style=\"background-color:rgba(0, 0, 0, 0)\" class=\"has-inline-color has-base-color\">Inscriptions 2026<\/mark><\/strong><\/a><\/div>\n<\/div>\n\n\n\n<p>D\u00e9part \u00e0 <strong>9h<\/strong>.<\/p>\n\n\n\n<p>Le SEMI &amp; RELAIS de LA 12-14 peut se courir <strong>en individuel<\/strong> ou en <strong>relais<\/strong> par \u00e9quipe de <strong>2<\/strong> ou <strong>4<\/strong> <strong>coureurs <\/strong>avec changement libre pour les relais.<\/p>\n\n\n\n<p>\ud83d\udc49 <em>Pour les coureurs souhaitant participer en Relais, <strong><mark style=\"background-color:rgba(0, 0, 0, 0)\" class=\"has-inline-color has-secondary-color\"><a href=\"https:\/\/forms.gle\/J7688eqfUB5aoxf89\">la bourse aux coureurs<\/a><\/mark><\/strong> permet de compl\u00e9ter ou constituer vos \u00e9quipes.<\/em><\/p>\n\n\n\n<p><\/p>\n\n\n\n<div class=\"wp-block-buttons is-layout-flex wp-block-buttons-is-layout-flex\">\n<div class=\"wp-block-button has-custom-width wp-block-button__width-100\"><a class=\"wp-block-button__link has-base-color has-text-color wp-element-button\" href=\"https:\/\/www.la12-14.com\/course\/edition-2025\/\"><strong>Acc\u00e8s aux r\u00e9sultats et photos<\/strong><strong> de l&rsquo;an pass\u00e9<\/strong><\/a><\/div>\n<\/div>\n\n\n\n<figure class=\"wp-block-image size-large\"><img loading=\"lazy\" decoding=\"async\" width=\"1024\" height=\"683\" src=\"https:\/\/www.la12-14.com\/course\/wp-content\/uploads\/2023\/04\/La1214-Niort-REFLEXHAUT-0001_220612_09009-1024x683.jpg\" alt=\"\" class=\"wp-image-89\" srcset=\"https:\/\/www.la12-14.com\/course\/wp-content\/uploads\/2023\/04\/La1214-Niort-REFLEXHAUT-0001_220612_09009-1024x683.jpg 1024w, https:\/\/www.la12-14.com\/course\/wp-content\/uploads\/2023\/04\/La1214-Niort-REFLEXHAUT-0001_220612_09009-300x200.jpg 300w, https:\/\/www.la12-14.com\/course\/wp-content\/uploads\/2023\/04\/La1214-Niort-REFLEXHAUT-0001_220612_09009-768x512.jpg 768w, https:\/\/www.la12-14.com\/course\/wp-content\/uploads\/2023\/04\/La1214-Niort-REFLEXHAUT-0001_220612_09009.jpg 1200w\" sizes=\"auto, (max-width: 1024px) 100vw, 1024px\" \/><\/figure>\n\n\n\n<hr class=\"wp-block-separator has-alpha-channel-opacity\"\/>\n\n\n\n<p><strong><em>PARTICIPATION<\/em><\/strong><\/p>\n\n\n\n<p>Soumise au <a href=\"https:\/\/www.la12-14.com\/course\/le-reglement\/\">r\u00e8glement<\/a> de la course&#8230;<\/p>\n\n\n\n<p><\/p>\n\n\n\n<p><em>Epreuve ouverte aux personnes en situation de handicap<\/em><br><em>(contactez-nous pour plus d\u2019informations)<\/em><\/p>\n\n\n\n<figure class=\"wp-block-image size-large\"><img loading=\"lazy\" decoding=\"async\" width=\"1024\" height=\"768\" src=\"https:\/\/www.la12-14.com\/course\/wp-content\/uploads\/2023\/04\/La1214-Niort-REFLEXHAUT-0004_220612_09487-1024x768.jpg\" alt=\"\" class=\"wp-image-90\" srcset=\"https:\/\/www.la12-14.com\/course\/wp-content\/uploads\/2023\/04\/La1214-Niort-REFLEXHAUT-0004_220612_09487-1024x768.jpg 1024w, https:\/\/www.la12-14.com\/course\/wp-content\/uploads\/2023\/04\/La1214-Niort-REFLEXHAUT-0004_220612_09487-300x225.jpg 300w, https:\/\/www.la12-14.com\/course\/wp-content\/uploads\/2023\/04\/La1214-Niort-REFLEXHAUT-0004_220612_09487-768x576.jpg 768w, https:\/\/www.la12-14.com\/course\/wp-content\/uploads\/2023\/04\/La1214-Niort-REFLEXHAUT-0004_220612_09487.jpg 1200w\" sizes=\"auto, (max-width: 1024px) 100vw, 1024px\" \/><\/figure>\n\n\n\n<hr class=\"wp-block-separator has-alpha-channel-opacity\"\/>\n\n\n\n<p><strong><em>PARCOURS<\/em><\/strong><br>Boucle balis\u00e9e de 5 Km (6,100 km sur le premier tour), agr\u00e9able et s\u00e9curis\u00e9e sur piste, route, chemins blancs dans et autour de l\u2019enceinte du stade Ren\u00e9 Gaillard.<\/p>\n\n\n\n<p>1\/3 du circuit est situ\u00e9 en bords de S\u00e8vre Niortaise.<\/p>\n\n\n\n<p><a href=\"https:\/\/www.la12-14.com\/course\/le-parcours\/\">Voir le circuit.<\/a><\/p>\n\n\n\n<figure class=\"wp-block-image size-large\"><img loading=\"lazy\" decoding=\"async\" width=\"1024\" height=\"683\" src=\"https:\/\/www.la12-14.com\/course\/wp-content\/uploads\/2023\/04\/La1214-Niort-REFLEXHAUT-0001_220612_03430-1024x683.jpg\" alt=\"\" class=\"wp-image-91\" srcset=\"https:\/\/www.la12-14.com\/course\/wp-content\/uploads\/2023\/04\/La1214-Niort-REFLEXHAUT-0001_220612_03430-1024x683.jpg 1024w, https:\/\/www.la12-14.com\/course\/wp-content\/uploads\/2023\/04\/La1214-Niort-REFLEXHAUT-0001_220612_03430-300x200.jpg 300w, https:\/\/www.la12-14.com\/course\/wp-content\/uploads\/2023\/04\/La1214-Niort-REFLEXHAUT-0001_220612_03430-768x512.jpg 768w, https:\/\/www.la12-14.com\/course\/wp-content\/uploads\/2023\/04\/La1214-Niort-REFLEXHAUT-0001_220612_03430.jpg 1200w\" sizes=\"auto, (max-width: 1024px) 100vw, 1024px\" \/><\/figure>\n","protected":false},"excerpt":{"rendered":"<p>Semi-Marathon au d\u00e9part du stade Ren\u00e9 Gaillard (Niort) et \u00e0 destination des bords de S\u00e8vre, sur un circuit \u00e0 parcourir 4 fois. D\u00e9part \u00e0 9h. Le SEMI &amp; RELAIS de LA 12-14 peut se courir en individuel ou en relais par \u00e9quipe de 2 ou 4 coureurs avec changement libre pour les relais. \ud83d\udc49 Pour [&hellip;]<\/p>\n","protected":false},"author":1,"featured_media":0,"parent":0,"menu_order":0,"comment_status":"closed","ping_status":"closed","template":"","meta":{"footnotes":""},"class_list":["post-14","page","type-page","status-publish","hentry"],"_links":{"self":[{"href":"https:\/\/www.la12-14.com\/course\/wp-json\/wp\/v2\/pages\/14","targetHints":{"allow":["GET"]}}],"collection":[{"href":"https:\/\/www.la12-14.com\/course\/wp-json\/wp\/v2\/pages"}],"about":[{"href":"https:\/\/www.la12-14.com\/course\/wp-json\/wp\/v2\/types\/page"}],"author":[{"embeddable":true,"href":"https:\/\/www.la12-14.com\/course\/wp-json\/wp\/v2\/users\/1"}],"replies":[{"embeddable":true,"href":"https:\/\/www.la12-14.com\/course\/wp-json\/wp\/v2\/comments?post=14"}],"version-history":[{"count":55,"href":"https:\/\/www.la12-14.com\/course\/wp-json\/wp\/v2\/pages\/14\/revisions"}],"predecessor-version":[{"id":724,"href":"https:\/\/www.la12-14.com\/course\/wp-json\/wp\/v2\/pages\/14\/revisions\/724"}],"wp:attachment":[{"href":"https:\/\/www.la12-14.com\/course\/wp-json\/wp\/v2\/media?parent=14"}],"curies":[{"name":"wp","href":"https:\/\/api.w.org\/{rel}","templated":true}]}}

<hr class="wp-block-separator has-alpha-channel-opacity"/>



<figure class="wp-block-image size-large"><img loading="lazy" decoding="async" width="1024" height="576" src="https://www.la12-14.com/course/wp-content/uploads/2026/01/Couverture-Evt-FB-2026-1920x1080-V4-1024x576.jpg" alt="" class="wp-image-702" srcset="https://www.la12-14.com/course/wp-content/uploads/2026/01/Couverture-Evt-FB-2026-1920x1080-V4-1024x576.jpg 1024w, https://www.la12-14.com/course/wp-content/uploads/2026/01/Couverture-Evt-FB-2026-1920x1080-V4-300x169.jpg 300w, https://www.la12-14.com/course/wp-content/uploads/2026/01/Couverture-Evt-FB-2026-1920x1080-V4-768x432.jpg 768w, https://www.la12-14.com/course/wp-content/uploads/2026/01/Couverture-Evt-FB-2026-1920x1080-V4-1536x864.jpg 1536w, https://www.la12-14.com/course/wp-content/uploads/2026/01/Couverture-Evt-FB-2026-1920x1080-V4.jpg 1920w" sizes="auto, (max-width: 1024px) 100vw, 1024px" /></figure>



<hr class="wp-block-separator has-alpha-channel-opacity"/>



<p>Semi-Marathon au départ du stade René Gaillard (Niort) et à destination des bords de Sèvre, sur un circuit à parcourir 4 fois.</p>



<div class="wp-block-buttons alignwide is-content-justification-center is-layout-flex wp-container-core-buttons-is-layout-a89b3969 wp-block-buttons-is-layout-flex">
<div class="wp-block-button"><a class="wp-block-button__link wp-element-button" href="https://www.klikego.com/inscription/semi--relais-de-la-12-14-2026/running-course-a-pied/1764209925509-2" target="_blank" rel="noreferrer noopener"><strong><mark style="background-color:rgba(0, 0, 0, 0)" class="has-inline-color has-base-color">Inscriptions 2026</mark></strong></a></div>
</div>



<p>Départ à <strong>9h</strong>.</p>



<p>Le SEMI &amp; RELAIS de LA 12-14 peut se courir <strong>en individuel</strong> ou en <strong>relais</strong> par équipe de <strong>2</strong> ou <strong>4</strong> <strong>coureurs </strong>avec changement libre pour les relais.</p>



<p>👉 <em>Pour les coureurs souhaitant participer en Relais, <strong><mark style="background-color:rgba(0, 0, 0, 0)" class="has-inline-color has-secondary-color"><a href="https://forms.gle/J7688eqfUB5aoxf89">la bourse aux coureurs</a></mark></strong> permet de compléter ou constituer vos équipes.</em></p>



<p></p>



<div class="wp-block-buttons is-layout-flex wp-block-buttons-is-layout-flex">
<div class="wp-block-button has-custom-width wp-block-button__width-100"><a class="wp-block-button__link has-base-color has-text-color wp-element-button" href="https://www.la12-14.com/course/edition-2025/"><strong>Accès aux résultats et photos</strong><strong> de l&rsquo;an passé</strong></a></div>
</div>



<figure class="wp-block-image size-large"><img loading="lazy" decoding="async" width="1024" height="683" src="https://www.la12-14.com/course/wp-content/uploads/2023/04/La1214-Niort-REFLEXHAUT-0001_220612_09009-1024x683.jpg" alt="" class="wp-image-89" srcset="https://www.la12-14.com/course/wp-content/uploads/2023/04/La1214-Niort-REFLEXHAUT-0001_220612_09009-1024x683.jpg 1024w, https://www.la12-14.com/course/wp-content/uploads/2023/04/La1214-Niort-REFLEXHAUT-0001_220612_09009-300x200.jpg 300w, https://www.la12-14.com/course/wp-content/uploads/2023/04/La1214-Niort-REFLEXHAUT-0001_220612_09009-768x512.jpg 768w, https://www.la12-14.com/course/wp-content/uploads/2023/04/La1214-Niort-REFLEXHAUT-0001_220612_09009.jpg 1200w" sizes="auto, (max-width: 1024px) 100vw, 1024px" /></figure>



<hr class="wp-block-separator has-alpha-channel-opacity"/>



<p><strong><em>PARTICIPATION</em></strong></p>



<p>Soumise au <a href="https://www.la12-14.com/course/le-reglement/">règlement</a> de la course&#8230;</p>



<p></p>



<p><em>Epreuve ouverte aux personnes en situation de handicap</em><br><em>(contactez-nous pour plus d’informations)</em></p>



<figure class="wp-block-image size-large"><img loading="lazy" decoding="async" width="1024" height="768" src="https://www.la12-14.com/course/wp-content/uploads/2023/04/La1214-Niort-REFLEXHAUT-0004_220612_09487-1024x768.jpg" alt="" class="wp-image-90" srcset="https://www.la12-14.com/course/wp-content/uploads/2023/04/La1214-Niort-REFLEXHAUT-0004_220612_09487-1024x768.jpg 1024w, https://www.la12-14.com/course/wp-content/uploads/2023/04/La1214-Niort-REFLEXHAUT-0004_220612_09487-300x225.jpg 300w, https://www.la12-14.com/course/wp-content/uploads/2023/04/La1214-Niort-REFLEXHAUT-0004_220612_09487-768x576.jpg 768w, https://www.la12-14.com/course/wp-content/uploads/2023/04/La1214-Niort-REFLEXHAUT-0004_220612_09487.jpg 1200w" sizes="auto, (max-width: 1024px) 100vw, 1024px" /></figure>



<hr class="wp-block-separator has-alpha-channel-opacity"/>



<p><strong><em>PARCOURS</em></strong><br>Boucle balisée de 5 Km (6,100 km sur le premier tour), agréable et sécurisée sur piste, route, chemins blancs dans et autour de l’enceinte du stade René Gaillard.</p>



<p>1/3 du circuit est situé en bords de Sèvre Niortaise.</p>



<p><a href="https://www.la12-14.com/course/le-parcours/">Voir le circuit.</a></p>



<figure class="wp-block-image size-large"><img loading="lazy" decoding="async" width="1024" height="683" src="https://www.la12-14.com/course/wp-content/uploads/2023/04/La1214-Niort-REFLEXHAUT-0001_220612_03430-1024x683.jpg" alt="" class="wp-image-91" srcset="https://www.la12-14.com/course/wp-content/uploads/2023/04/La1214-Niort-REFLEXHAUT-0001_220612_03430-1024x683.jpg 1024w, https://www.la12-14.com/course/wp-content/uploads/2023/04/La1214-Niort-REFLEXHAUT-0001_220612_03430-300x200.jpg 300w, https://www.la12-14.com/course/wp-content/uploads/2023/04/La1214-Niort-REFLEXHAUT-0001_220612_03430-768x512.jpg 768w, https://www.la12-14.com/course/wp-content/uploads/2023/04/La1214-Niort-REFLEXHAUT-0001_220612_03430.jpg 1200w" sizes="auto, (max-width: 1024px) 100vw, 1024px" /></figure>

<p>Semi-Marathon au départ du stade René Gaillard (Niort) et à destination des bords de Sèvre, sur un circuit à parcourir 4 fois. Départ à 9h. Le SEMI &amp; RELAIS de LA 12-14 peut se courir en individuel ou en relais par équipe de 2 ou 4 coureurs avec changement libre pour les relais. 👉 Pour [&hellip;]</p>
